d by 35?
34
Suppose 0 = 36*w - 34*w + 318. Let x(a) = 24*a - 16. Let s be x(13). Let o = w + s. What is the remainder when o is divided by 35?
32
Let a(k) = -k**3 - k**2 + 1. Suppose -2*d + 7586 = -297*z + 307*z, -2*z = 3*d - 1512. Calculate the remainder when z is divided by a(-3).
18
Suppose -13*q + 12*q + 359 = -5*i, -1005 = -3*q - 3*i. Calculate the remainder when 548 is divided by q.
209
Let d = 1246 - 1222. What is the remainder when 5494 is divided by d?
22
Let y = 706 - 687. Calculate the remainder when y is divided by 16.
3
Suppose -21*j + 3*j + 720 = 0. Suppose o - 19 = -2*m - 5, -5*m - j = -5*o. Calculate the remainder when 26 is divided by o.
6
Let u = 89 + -84. Suppose d = -u, -i - 1115 = -6*i - 5*d. Calculate the remainder when i is divided by 33.
30
Let q = 140 + -92. Let y be -3*(-5 + 4/6). Suppose 0 = y*j - 5*j - 104. What is the remainder when q is divided by j?
9
Suppose 2*l = -5*x + 3291, 30*l + 6546 = 34*l - 2*x. What is the remainder when l is divided by 41?
39
Calculate the remainder when ((-4)/(-10))/(7484/1870 + -4) is divided by 21.
19
Suppose 13 = -4*m - 103*z + 98*z, -7 = -4*m - z. What is the remainder when 678 is divided by m?
0
What is the remainder when (-2664)/(-28) + (-4)/28 is divided by 1 + 3 + (7 - 3)?
7
Suppose -3*o - 18*o = 2*k - 2654, -4*o - 4*k + 520 = 0. What is the remainder when 389 is divided by o?
11
Let y be ((-48)/30*-1)/(4/1810). Let j = y - 693. Calculate the remainder when (-1*59)/(-1 - 0) is divided by j.
28
Let m be (18/8)/(378/1008) + 13/(-1). Let x(i) be the third derivative of -5*i**4/24 + i**3 + i**2. Calculate the remainder when 116 is divided by x(m).
34
Suppose -15 = -6*g + 147. Calculate the remainder when g is divided by 2/(-3) - (2 + (-400)/24).
13
Let i(v) = -7*v + 10 + 7 + 0*v - 2*v. Let w be i(0). Suppose -w*f - 8 = -21*f. What is the remainder when 4 is divided by f?
0
Calculate the remainder when 238/(44/8*(-3)/(-33)) is divided by 166.
144
Let h = -97 - -53. Let s be 19/(-3) + h/66. Let b(y) = y**2 - 3*y - 5. What is the remainder when b(s) is divided by 17?
14
What is the remainder when (-367)/(-5) + ((-616)/40 - -15) is divided by 32?
9
Let p(w) = -13 - 14*w - 1 - 10*w. Let y(x) = -x**2 + 7*x + 13. Let h be y(9). Calculate the remainder when p(h) is divided by 12.
10
Let r(d) = 4*d**3 + 117*d**2 + 54*d - 64. What is the remainder when r(-28) is divided by 87?
82
Let f = -1328 - -1445. Calculate the remainder when 332 is divided by f.
98
Suppose -3*t = -t - 36. Suppose -4*k - 4*s + 1164 = 0, -k - 2*s + 6*s = -296. Let o = k - 285. What is the remainder when t is divided by o?
4
Let t(v) = v**3 - 4*v**2 - 6*v - 5. Let f = 2827 + -2646. Calculate the remainder when f is divided by t(6).
26
Suppose l - 2*l + 2 = 0. Let r(q) = 2*q**3 + q**2 - 3*q + 2. Let b(t) = -t**3 + 17*t**2 + 36*t + 47. What is the remainder when r(l) is divided by b(19)?
7
Suppose 14*g - 17*g + 639 = 4*v, v + 5*g - 164 = 0. Suppose -33 = 2*a - v. Calculate the remainder when a is divided by 13.
11
Suppose -9*l = 31*l + 400. Calculate the remainder when 326 is divided by ((-12)/l)/6 - (-3681)/45.
80
Suppose 0 = -2*z + 6 + 52. Suppose 10*u - 14*u + 408 = 0. Let x = u + -92. What is the remainder when z is divided by x?
9
Suppose -22*f + 1345 + 3222 - 475 = 0. Calculate the remainder when f is divided by 64.
58
Let t be 8/44 + 786/33. Calculate the remainder when (-1)/((t/(-3))/64) is divided by 4.
0
Suppose -28 = -4*y - 4*h, -3*y + 35 = -4*h - 14. Calculate the remainder when 251 is divided by y.
9
Suppose -13*j + 74 = 178. Calculate the remainder when (58 - -1) + ((-40)/j - 3) is divided by 7.
5
Let g be (-18)/6*(-920)/(-12). Let s = -213 - g. Calculate the remainder when s is divided by 4.
1
Let n = -45 + 100. What is the remainder when 82 is divided by (-22)/n + 21/15 + 42?
39
What is the remainder when (-150)/(-3575)*13 + (-15339)/(-11) is divided by 8?
3
Let z = 4186 - 3934. Calculate the remainder when z is divided by 125.
2
Let p(x) = -x + 3*x**2 + x**3 + 3*x - 1 + 2*x**2. Suppose -174*o - 40 = -164*o. Calculate the remainder when 8 is divided by p(o).
1
Let w = -85 + 149. Suppose -w*z + 67*z - 531 = 0. What is the remainder when z is divided by 15?
12
Let q = 82 - 95. Let p = q - -12. Calculate the remainder when 110 is divided by (p/((-3)/42))/1.
12
Let i(m) = 5*m + 13. Let s be i(-1). Let v = 246 + s. Calculate the remainder when v is divided by 16.
14
Let v = -6 - -11. Let f(d) = d**2 - 4*d - 1. Let x be f(v). Suppose -3*z + 0*k = 4*k - 42, z - x*k = -2. Calculate the remainder when 19 is divided by z.
9
Suppose 2*m = -m + 144. Let c be 160/m + 1/(-3). Suppose -d - c*y + 33 - 7 = 0, -2*d + 52 = -2*y. What is the remainder when d is divided by 4?
2
Suppose -15435 + 19885 = 25*q. Calculate the remainder when q is divided by 23.
17
Let k(p) = -p. Let r(u) = -27*u**2 + 4*u - 1. Let j(b) = -6*k(b) - r(b). Suppose 8*v - 3*v - 360 = 0. What is the remainder when v is divided by j(-1)?
20
Suppose -138 - 10 = -4*n. Let w(k) = 13*k - 114. Calculate the remainder when n is divided by w(9).
1
Suppose 2*v = 2*l + 124, -5*v + 2*l - 74 = -390. Calculate the remainder when v is divided by 40.
24
Let v(s) = 21*s**3 - 2*s**2 + 4*s - 5. What is the remainder when v(3) is divided by 19?
5
Let d = 2183 + -589. What is the remainder when d is divided by 84?
82
Suppose -4*s = -4*m + 236, 2*s - m = 4*m - 118. Let z = s + 61. Suppose 0 = -0*g + z*g - 16. What is the remainder when 25 is divided by g?
1
Let s = 289823 + -289700. Suppose -4*p = -4*f - 44, p + 2*p = -3*f + 3. Calculate the remainder when s is divided by p.
3
Suppose -6517 = -298*w + 165*w. Calculate the remainder when 3820 is divided by w.
47
Suppose -1097*s - 62230 = -1132*s. What is the remainder when s is divided by 51?
44
Let g = 18 + -14. Suppose -2*m = -4*a + 4, -m = g*a - 2*a - 10. Suppose 4*z + m = 8*z. Calculate the remainder when 4 is divided by z.
0
Let z be (-4)/(-1) + -2 + 1*2. Suppose 4*u = 4*t + 88, 0*t + z*u - 22 = t. Let v = t - -26. Calculate the remainder when 13 is divided by v.
1
Let f = -314 - -541. Let c be (-4)/18 - f/(-9). Suppose -5*m = -c, 2*m + 3*m + 65 = 5*l. What is the remainder when l is divided by 5?
3
Let y = -1317 + 1351. Calculate the remainder when 302 is divided by y.
30
Suppose 77*d = 72*d - 3*t + 210, -5*d + 3*t = -240. What is the remainder when 359 is divided by d?
44
Suppose 17*f = 12*f + 20. Suppose 4*w + 680 = -3*j + j, 4*w = -f*j - 1360. Let o = -197 - j. Calculate the remainder when o is divided by 8.
7
Let m(v) = 25*v**2 + 110*v + 2238. What is the remainder when m(-19) is divided by 133?
129
Let r = 7693 + -7215. What is the remainder when r is divided by 96?
94
Let w(c) = -259*c + 525. Let i = -18 + 27. What is the remainder when i is divided by w(2)?
2
Let l(j) = -j**2 - 12*j - 10. Suppose x - 64 = -h, -19*h + 24*h = 4*x + 293. What is the remainder when h is divided by l(-8)?
17
Suppose -2*n - 2*q + 17 = q, 5*n - 2*q = 14. Let d(j) = -j**2 + n*j**3 + j**2 + 6*j**3 + j. Calculate the remainder when 50 is divided by d(1).
6
Suppose -35*x - 2120 = -55*x. What is the remainder when 324 is divided by x?
6
Calculate the remainder when ((-6)/4)/((-60)/880) is divided by (40/(-45))/((-2)/27).
10
Suppose 8*p - 1067 - 2325 = 0. What is the remainder when p is divided by 92?
56
Let p = 370 - 282. Let f(a) = a**3 + 15*a**2 - 43*a - 107. What is the remainder when p is divided by f(-17)?
42
Suppose -3*u - 3*x + 1107 = 0, 0 = -31*u + 32*u + 4*x - 351. Calculate the remainder when u is divided by 190.
185
Let a(t) = t**3 + 15*t**2 - 2*t - 1. Let b(j) = -j**2 - 9*j + 139. What is the remainder when a(-15) is divided by b(8)?
2
Let h(z) = -13*z + 148. Let b(m) = -13*m + 152. Let p(f) = -4*b(f) + 3*h(f). Calculate the remainder when p(16) is divided by 15.
14
Suppose -581*a - 96 = -584*a + 2*r, 0 = a + 2*r - 24. Let b(q) = q**2 - q + 5. Calculate the remainder when a is divided by b(5).
5
Let u(v) = 2*v + 10. Let a be u(-7). Let j = a + 45. Suppose 3*q - 247 = -4*b, -4*b = 36*q - 35*q - 85. Calculate the remainder when q is divided by j.
40
Calculate the remainder when 752 is divided by (-6786)/(-45) + 1/5.
148
Let y(b) = 11*b**2 - 5*b - 50. Let z be y(-6). Let x = z + -312. What is the remainder when x is divided by 51?